[INFO] cloning repository https://github.com/Bert-Proesmans/failure_issue
[INFO] running `Command { std: "git" "-c" "credential.helper=" "-c" "credential.helper=/workspace/cargo-home/bin/git-credential-null" "clone" "--bare" "https://github.com/Bert-Proesmans/failure_issue" "/workspace/cache/git-repos/https%3A%2F%2Fgithub.com%2FBert-Proesmans%2Ffailure_issue", kill_on_drop: false }`
[INFO] [stderr] Cloning into bare repository '/workspace/cache/git-repos/https%3A%2F%2Fgithub.com%2FBert-Proesmans%2Ffailure_issue'...
[INFO] running `Command { std: "git" "rev-parse" "HEAD", kill_on_drop: false }`
[INFO] [stdout] 27b24ae2f3101ba2efde91912144ddf9327043b2
[INFO] checking Bert-Proesmans/failure_issue against master#9610dfe5a9a731ced1ea4923ecbd0c57fe367898 for beta-170-4
[INFO] running `Command { std: "git" "clone" "/workspace/cache/git-repos/https%3A%2F%2Fgithub.com%2FBert-Proesmans%2Ffailure_issue" "/workspace/builds/worker-6-tc1/source", kill_on_drop: false }`
[INFO] [stderr] Cloning into '/workspace/builds/worker-6-tc1/source'...
[INFO] [stderr] done.
[INFO] validating manifest of git repo https://github.com/Bert-Proesmans/failure_issue on toolchain 9610dfe5a9a731ced1ea4923ecbd0c57fe367898
[INFO] running `Command { std: CARGO_HOME="/workspace/cargo-home" RUSTUP_HOME="/workspace/rustup-home" "/workspace/cargo-home/bin/cargo" "+9610dfe5a9a731ced1ea4923ecbd0c57fe367898" "metadata" "--manifest-path" "Cargo.toml" "--no-deps", kill_on_drop: false }`
[INFO] started tweaking git repo https://github.com/Bert-Proesmans/failure_issue
[INFO] finished tweaking git repo https://github.com/Bert-Proesmans/failure_issue
[INFO] tweaked toml for git repo https://github.com/Bert-Proesmans/failure_issue written to /workspace/builds/worker-6-tc1/source/Cargo.toml
[INFO] crate git repo https://github.com/Bert-Proesmans/failure_issue already has a lockfile, it will not be regenerated
[INFO] running `Command { std: CARGO_HOME="/workspace/cargo-home" RUSTUP_HOME="/workspace/rustup-home" "/workspace/cargo-home/bin/cargo" "+9610dfe5a9a731ced1ea4923ecbd0c57fe367898" "fetch" "--manifest-path" "Cargo.toml", kill_on_drop: false }`
[INFO] running `Command { std: "docker" "create" "-v" "/var/lib/crater-agent-workspace/builds/worker-6-tc1/target:/opt/rustwide/target:rw,Z" "-v" "/var/lib/crater-agent-workspace/builds/worker-6-tc1/source:/opt/rustwide/workdir:ro,Z" "-v" "/var/lib/crater-agent-workspace/cargo-home:/opt/rustwide/cargo-home:ro,Z" "-v" "/var/lib/crater-agent-workspace/rustup-home:/opt/rustwide/rustup-home:ro,Z" "-e" "SOURCE_DIR=/opt/rustwide/workdir" "-e" "CARGO_TARGET_DIR=/opt/rustwide/target" "-e" "CARGO_HOME=/opt/rustwide/cargo-home" "-e" "RUSTUP_HOME=/opt/rustwide/rustup-home" "-w" "/opt/rustwide/workdir" "-m" "1610612736" "--user" "0:0" "--network" "none" "ghcr.io/rust-lang/crates-build-env/linux@sha256:19e73879b68f455e41552ea35293514db52ea292d993f571636dbffedb77a1ee" "/opt/rustwide/cargo-home/bin/cargo" "+9610dfe5a9a731ced1ea4923ecbd0c57fe367898" "metadata" "--no-deps" "--format-version=1", kill_on_drop: false }`
[INFO] [stdout] db1954a245e49709851e028691ff0462a0f66515484cf8a9497c2d2adf77c0d6
[INFO] running `Command { std: "docker" "start" "-a" "db1954a245e49709851e028691ff0462a0f66515484cf8a9497c2d2adf77c0d6", kill_on_drop: false }`
[INFO] running `Command { std: "docker" "inspect" "db1954a245e49709851e028691ff0462a0f66515484cf8a9497c2d2adf77c0d6", kill_on_drop: false }`
[INFO] running `Command { std: "docker" "rm" "-f" "db1954a245e49709851e028691ff0462a0f66515484cf8a9497c2d2adf77c0d6", kill_on_drop: false }`
[INFO] [stdout] db1954a245e49709851e028691ff0462a0f66515484cf8a9497c2d2adf77c0d6
[INFO] running `Command { std: "docker" "create" "-v" "/var/lib/crater-agent-workspace/builds/worker-6-tc1/target:/opt/rustwide/target:rw,Z" "-v" "/var/lib/crater-agent-workspace/builds/worker-6-tc1/source:/opt/rustwide/workdir:ro,Z" "-v" "/var/lib/crater-agent-workspace/cargo-home:/opt/rustwide/cargo-home:ro,Z" "-v" "/var/lib/crater-agent-workspace/rustup-home:/opt/rustwide/rustup-home:ro,Z" "-e" "SOURCE_DIR=/opt/rustwide/workdir" "-e" "CARGO_TARGET_DIR=/opt/rustwide/target" "-e" "CARGO_INCREMENTAL=0" "-e" "RUST_BACKTRACE=full" "-e" "RUSTFLAGS=--cap-lints=forbid" "-e" "RUSTDOCFLAGS=--cap-lints=forbid" "-e" "CARGO_HOME=/opt/rustwide/cargo-home" "-e" "RUSTUP_HOME=/opt/rustwide/rustup-home" "-w" "/opt/rustwide/workdir" "-m" "1610612736" "--user" "0:0" "--network" "none" "ghcr.io/rust-lang/crates-build-env/linux@sha256:19e73879b68f455e41552ea35293514db52ea292d993f571636dbffedb77a1ee" "/opt/rustwide/cargo-home/bin/cargo" "+9610dfe5a9a731ced1ea4923ecbd0c57fe367898" "check" "--frozen" "--all" "--all-targets" "--message-format=json", kill_on_drop: false }`
[INFO] [stdout] e87e5daec5d4b16a113d264045baee12e55f422eb2ac1d896da25973cfed44a0
[INFO] running `Command { std: "docker" "start" "-a" "e87e5daec5d4b16a113d264045baee12e55f422eb2ac1d896da25973cfed44a0", kill_on_drop: false }`
[INFO] [stderr]    Compiling unicode-xid v0.0.4
[INFO] [stderr]    Compiling cc v1.0.10
[INFO] [stderr]    Compiling quote v0.3.15
[INFO] [stderr]     Checking libc v0.2.40
[INFO] [stderr]     Checking rustc-demangle v0.1.7
[INFO] [stderr]     Checking cfg-if v0.1.2
[INFO] [stderr]    Compiling synom v0.11.3
[INFO] [stderr]    Compiling syn v0.11.11
[INFO] [stderr]    Compiling backtrace-sys v0.1.16
[INFO] [stderr]    Compiling synstructure v0.6.1
[INFO] [stderr]    Compiling failure_derive v0.1.1
[INFO] [stderr]     Checking backtrace v0.3.6
[INFO] [stderr]     Checking failure v0.1.1
[INFO] [stderr]     Checking failure_issue v0.1.0 (/opt/rustwide/workdir)
[INFO] [stdout] warning: trait objects without an explicit `dyn` are deprecated
[INFO] [stdout]   --> src/main.rs:24:16
[INFO] [stdout]    |
[INFO] [stdout] 24 |     let fail: &Fail = &MissingEntityError { id };
[INFO] [stdout]    |                ^^^^
[INFO] [stdout]    |
[INFO] [stdout]    = warning: this is accepted in the current edition (Rust 2015) but is a hard error in Rust 2021!
[INFO] [stdout]    = note: for more information, see <https://doc.rust-lang.org/nightly/edition-guide/rust-2021/warnings-promoted-to-error.html>
[INFO] [stdout]    = note: `#[warn(bare_trait_objects)]` on by default
[INFO] [stdout] help: use `dyn`
[INFO] [stdout]    |
[INFO] [stdout] 24 |     let fail: &dyn Fail = &MissingEntityError { id };
[INFO] [stdout]    |                +++
[INFO] [stdout] 
[INFO] [stdout] 
[INFO] [stdout] warning: trait objects without an explicit `dyn` are deprecated
[INFO] [stdout]   --> src/main.rs:24:16
[INFO] [stdout]    |
[INFO] [stdout] 24 |     let fail: &Fail = &MissingEntityError { id };
[INFO] [stdout]    |                ^^^^
[INFO] [stdout]    |
[INFO] [stdout]    = warning: this is accepted in the current edition (Rust 2015) but is a hard error in Rust 2021!
[INFO] [stdout]    = note: for more information, see <https://doc.rust-lang.org/nightly/edition-guide/rust-2021/warnings-promoted-to-error.html>
[INFO] [stdout]    = note: `#[warn(bare_trait_objects)]` on by default
[INFO] [stdout] help: use `dyn`
[INFO] [stdout]    |
[INFO] [stdout] 24 |     let fail: &dyn Fail = &MissingEntityError { id };
[INFO] [stdout]    |                +++
[INFO] [stdout] 
[INFO] [stdout] 
[INFO] [stdout] error[E0277]: the trait bound `MissingEntityError<usize>: Fail` is not satisfied
[INFO] [stdout]   --> src/main.rs:24:23
[INFO] [stdout]    |
[INFO] [stdout] 24 |     let fail: &Fail = &MissingEntityError { id };
[INFO] [stdout]    |                       ^^^^^^^^^^^^^^^^^^^^^^^^^^ the trait `Fail` is not implemented for `MissingEntityError<usize>`
[INFO] [stdout]    |
[INFO] [stdout]    = help: the trait `Fail` is implemented for `MissingEntityError<ID>`
[INFO] [stdout]    = note: required for the cast from `&MissingEntityError<usize>` to `&(dyn Fail + 'static)`
[INFO] [stdout] 
[INFO] [stdout] 
[INFO] [stdout] error[E0277]: the trait bound `MissingEntityError<usize>: Fail` is not satisfied
[INFO] [stdout]   --> src/main.rs:24:23
[INFO] [stdout]    |
[INFO] [stdout] 24 |     let fail: &Fail = &MissingEntityError { id };
[INFO] [stdout]    |                       ^^^^^^^^^^^^^^^^^^^^^^^^^^ the trait `Fail` is not implemented for `MissingEntityError<usize>`
[INFO] [stdout]    |
[INFO] [stdout]    = help: the trait `Fail` is implemented for `MissingEntityError<ID>`
[INFO] [stdout]    = note: required for the cast from `&MissingEntityError<usize>` to `&(dyn Fail + 'static)`
[INFO] [stdout] 
[INFO] [stdout] 
[INFO] [stdout] error[E0277]: the trait bound `MissingEntityError<usize>: Fail` is not satisfied
[INFO] [stdout]   --> src/main.rs:25:48
[INFO] [stdout]    |
[INFO] [stdout] 25 |     let err: Error = MissingEntityError { id }.into();
[INFO] [stdout]    |                                                ^^^^ the trait `Fail` is not implemented for `MissingEntityError<usize>`
[INFO] [stdout]    |
[INFO] [stdout]    = help: the trait `Fail` is implemented for `MissingEntityError<ID>`
[INFO] [stdout]    = note: required for `failure::Error` to implement `From<MissingEntityError<usize>>`
[INFO] [stdout]    = note: required for `MissingEntityError<usize>` to implement `Into<failure::Error>`
[INFO] [stdout] 
[INFO] [stdout] 
[INFO] [stdout] error[E0277]: the trait bound `MissingEntityError<usize>: Fail` is not satisfied
[INFO] [stdout]   --> src/main.rs:25:48
[INFO] [stdout]    |
[INFO] [stdout] 25 |     let err: Error = MissingEntityError { id }.into();
[INFO] [stdout]    |                                                ^^^^ the trait `Fail` is not implemented for `MissingEntityError<usize>`
[INFO] [stdout]    |
[INFO] [stdout]    = help: the trait `Fail` is implemented for `MissingEntityError<ID>`
[INFO] [stdout]    = note: required for `failure::Error` to implement `From<MissingEntityError<usize>>`
[INFO] [stdout]    = note: required for `MissingEntityError<usize>` to implement `Into<failure::Error>`
[INFO] [stdout] 
[INFO] [stdout] 
[INFO] [stdout] error: aborting due to 2 previous errors; 1 warning emitted
[INFO] [stdout] 
[INFO] [stdout] 
[INFO] [stdout] error: aborting due to 2 previous errors; 1 warning emitted
[INFO] [stdout] 
[INFO] [stdout] 
[INFO] [stdout] For more information about this error, try `rustc --explain E0277`.
[INFO] [stdout] 
[INFO] [stdout] For more information about this error, try `rustc --explain E0277`.
[INFO] [stdout] 
[INFO] [stderr] error: could not compile `failure_issue` (bin "failure_issue" test) due to 3 previous errors; 1 warning emitted
[INFO] [stderr] warning: build failed, waiting for other jobs to finish...
[INFO] [stderr] error: could not compile `failure_issue` (bin "failure_issue") due to 3 previous errors; 1 warning emitted
[INFO] running `Command { std: "docker" "inspect" "e87e5daec5d4b16a113d264045baee12e55f422eb2ac1d896da25973cfed44a0", kill_on_drop: false }`
[INFO] running `Command { std: "docker" "rm" "-f" "e87e5daec5d4b16a113d264045baee12e55f422eb2ac1d896da25973cfed44a0", kill_on_drop: false }`
[INFO] [stdout] e87e5daec5d4b16a113d264045baee12e55f422eb2ac1d896da25973cfed44a0
